{"id":1004,"date":"2017-04-27T01:46:55","date_gmt":"2017-04-27T04:46:55","guid":{"rendered":"http:\/\/amau.com.br\/site\/?page_id=1004"},"modified":"2025-02-12T10:39:43","modified_gmt":"2025-02-12T13:39:43","slug":"benjamim-constant-sul","status":"publish","type":"page","link":"https:\/\/www.amau.com.br\/site\/benjamim-constant-sul\/","title":{"rendered":"Benjamim Constant do Sul"},"content":{"rendered":"<div id=\"article\">\n<div id=\"container-article\">\n<div id=\"programacao\">\n<div class=\"conteudo-ajax\">\n<p><strong>Prefeito:<\/strong> <strong>NILTON JOSE VALENTINI<\/strong> (CIDADANIA)<br \/>\n<strong>Vice-Prefeito: <\/strong>MARCIO CAPELLARI (PP)<\/p>\n<p><strong>Endere\u00e7o:<\/strong> Rua Matriz, 1081<br \/>\n<strong>CEP:<\/strong> 99.650-000<br \/>\n<strong>Telefone:<\/strong> (54) 9 9996-5198<br \/>\n<strong>Site (Famurs):<\/strong> <a href=\"http:\/\/www.benjaminconstantdosul.famurs.com.br\/\">www.benjaminconstantdosul.famurs.com.br<\/a><\/p>\n<p><strong>Site Prefeitura:<\/strong>\u00a0<a href=\"https:\/\/www.benjaminconstantdosul.rs.gov.br\/\">https:\/\/www.benjaminconstantdosul.rs.gov.br\/<\/a><\/p>\n<p><strong>Funda\u00e7\u00e3o: <\/strong>1995<strong><br \/>\n\u00c1rea:<\/strong>\u00a0132,396 km\u00b2<\/p>\n<p><b>Estimativa Popula\u00e7\u00e3o [2022]:<\/b> 2.082<\/p>\n<p><strong>Dist\u00e2ncia de PoA:<\/strong> 409 km<br \/>\n<strong>Dist\u00e2ncia de Erechim: <\/strong>43,5 km<br \/>\n<strong>Gent\u00edlico:<\/strong> Benjaminense<\/p>\n<div id='gallery-1' class='gallery galleryid-1004 gallery-columns-3 gallery-size-thumbnail'><figure class='gallery-item'>\n\t\t\t<div class='gallery-icon landscape'>\n\t\t\t\t<a href='https:\/\/www.amau.com.br\/site\/wp-content\/uploads\/2017\/04\/800px-Bras\u00e3o_Benjamin_Constant_do_Sul.jpg'><img decoding=\"async\" width=\"150\" height=\"150\" src=\"https:\/\/www.amau.com.br\/site\/wp-content\/uploads\/2017\/04\/800px-Bras\u00e3o_Benjamin_Constant_do_Sul-150x150.jpg\" class=\"attachment-thumbnail size-thumbnail\" alt=\"\" aria-describedby=\"gallery-1-1571\" srcset=\"https:\/\/www.amau.com.br\/site\/wp-content\/uploads\/2017\/04\/800px-Bras\u00e3o_Benjamin_Constant_do_Sul-150x150.jpg 150w, https:\/\/www.amau.com.br\/site\/wp-content\/uploads\/2017\/04\/800px-Bras\u00e3o_Benjamin_Constant_do_Sul-230x230.jpg 230w, https:\/\/www.amau.com.br\/site\/wp-content\/uploads\/2017\/04\/800px-Bras\u00e3o_Benjamin_Constant_do_Sul-365x365.jpg 365w, https:\/\/www.amau.com.br\/site\/wp-content\/uploads\/2017\/04\/800px-Bras\u00e3o_Benjamin_Constant_do_Sul-50x50.jpg 50w\" sizes=\"(max-width: 150px) 100vw, 150px\" \/><\/a>\n\t\t\t<\/div>\n\t\t\t\t<figcaption class='wp-caption-text gallery-caption' id='gallery-1-1571'>\n\t\t\t\tBras\u00e3o\n\t\t\t\t<\/figcaption><\/figure>\n\t\t<\/div>\n\n<p><strong>Hist\u00f3ria<\/strong><\/p>\n<p>Antes da chegada dos colonizadores, os povos ind\u00edgenas j\u00e1 habitavam esta localidade, estes viviam isolados e sem contato com homens brancos.<\/p>\n<p>Por volta de 1929, chegaram as primeiras fam\u00edlias de colonos vindas principalmente de Guapor\u00e9, Bento Gon\u00e7alves, Caxias do Sul e de outros munic\u00edpios da Serra Ga\u00facha. Abriram clareiras na floresta com l\u00e2minas de fac\u00e3o, que futuramente transformaram-se em picadas para o transporte de produtos e mantimentos em lombos de multas. Estas clareiras foram se transformando, aos poucos, em estradas de ch\u00e3o batido. Em 1935, j\u00e1 era uma pequena Vila, e em 1959, passou \u00e0 condi\u00e7\u00e3o de Distrito de S\u00e3o Valentim.<\/p>\n<p>A origem do nome Benjamin Constant do Sul, foi uma homenagem a pessoa de Benjamim Botelho de Magalh\u00e3es Constant, militar e pol\u00edtico brasileiro, bacharel em Ci\u00eancias F\u00edsicas e Matem\u00e1tica, formado em engenharia civil e militar, participou na guerra do Paraguai, como capit\u00e3o engenheiro, no trabalho de fortifica\u00e7\u00e3o do acampamento. Os ent\u00e3o moradores da Vila, com ra\u00edzes republicanas, resolveram homenagear um dos mais ilustres fundadores da rep\u00fablica, atribuindo o nome de Benjamin Constat a localidade onde moravam, nome este que perdura, por\u00e9m acrescido do termo &#8220;do Sul&#8221; para diferenciar do nome de outro munic\u00edpio j\u00e1 registrado com este nome.<\/p>\n<\/div>\n<\/div>\n<\/div>\n<\/div>\n","protected":false},"excerpt":{"rendered":"<p>Prefeito: NILTON JOSE VALENTINI (CIDADANIA) Vice-Prefeito: MARCIO CAPELLARI (PP) Endere\u00e7o: Rua Matriz, 1081 CEP: 99.650-000 Telefone: (54) 9 9996-5198 Site (Famurs): www.benjaminconstantdosul.famurs.com.br Site Prefeitura:\u00a0https:\/\/www.benjaminconstantdosul.rs.gov.br\/ Funda\u00e7\u00e3o: 1995 \u00c1rea:\u00a0132,396 km\u00b2 Estimativa Popula\u00e7\u00e3o [2022]: 2.082 Dist\u00e2ncia de PoA: 409 km Dist\u00e2ncia de Erechim: 43,5 km Gent\u00edlico: Benjaminense Hist\u00f3ria Antes da chegada dos colonizadores, os povos ind\u00edgenas j\u00e1 habitavam [&hellip;]<\/p>\n","protected":false},"author":1,"featured_media":0,"parent":0,"menu_order":0,"comment_status":"closed","ping_status":"closed","template":"","meta":{"ocean_post_layout":"","ocean_both_sidebars_style":"","ocean_both_sidebars_content_width":0,"ocean_both_sidebars_sidebars_width":0,"ocean_sidebar":"0","ocean_second_sidebar":"0","ocean_disable_margins":"enable","ocean_add_body_class":"","ocean_shortcode_before_top_bar":"","ocean_shortcode_after_top_bar":"","ocean_shortcode_before_header":"","ocean_shortcode_after_header":"","ocean_has_shortcode":"","ocean_shortcode_after_title":"","ocean_shortcode_before_footer_widgets":"","ocean_shortcode_after_footer_widgets":"","ocean_shortcode_before_footer_bottom":"","ocean_shortcode_after_footer_bottom":"","ocean_display_top_bar":"default","ocean_display_header":"default","ocean_header_style":"","ocean_center_header_left_menu":"0","ocean_custom_header_template":"0","ocean_custom_logo":0,"ocean_custom_retina_logo":0,"ocean_custom_logo_max_width":0,"ocean_custom_logo_tablet_max_width":0,"ocean_custom_logo_mobile_max_width":0,"ocean_custom_logo_max_height":0,"ocean_custom_logo_tablet_max_height":0,"ocean_custom_logo_mobile_max_height":0,"ocean_header_custom_menu":"0","ocean_menu_typo_font_family":"0","ocean_menu_typo_font_subset":"","ocean_menu_typo_font_size":0,"ocean_menu_typo_font_size_tablet":0,"ocean_menu_typo_font_size_mobile":0,"ocean_menu_typo_font_size_unit":"px","ocean_menu_typo_font_weight":"","ocean_menu_typo_font_weight_tablet":"","ocean_menu_typo_font_weight_mobile":"","ocean_menu_typo_transform":"","ocean_menu_typo_transform_tablet":"","ocean_menu_typo_transform_mobile":"","ocean_menu_typo_line_height":0,"ocean_menu_typo_line_height_tablet":0,"ocean_menu_typo_line_height_mobile":0,"ocean_menu_typo_line_height_unit":"","ocean_menu_typo_spacing":0,"ocean_menu_typo_spacing_tablet":0,"ocean_menu_typo_spacing_mobile":0,"ocean_menu_typo_spacing_unit":"","ocean_menu_link_color":"","ocean_menu_link_color_hover":"","ocean_menu_link_color_active":"","ocean_menu_link_background":"","ocean_menu_link_hover_background":"","ocean_menu_link_active_background":"","ocean_menu_social_links_bg":"","ocean_menu_social_hover_links_bg":"","ocean_menu_social_links_color":"","ocean_menu_social_hover_links_color":"","ocean_disable_title":"default","ocean_disable_heading":"default","ocean_post_title":"","ocean_post_subheading":"","ocean_post_title_style":"","ocean_post_title_background_color":"","ocean_post_title_background":0,"ocean_post_title_bg_image_position":"","ocean_post_title_bg_image_attachment":"","ocean_post_title_bg_image_repeat":"","ocean_post_title_bg_image_size":"","ocean_post_title_height":0,"ocean_post_title_bg_overlay":0.5,"ocean_post_title_bg_overlay_color":"","ocean_disable_breadcrumbs":"default","ocean_breadcrumbs_color":"","ocean_breadcrumbs_separator_color":"","ocean_breadcrumbs_links_color":"","ocean_breadcrumbs_links_hover_color":"","ocean_display_footer_widgets":"default","ocean_display_footer_bottom":"default","ocean_custom_footer_template":"0","footnotes":""},"class_list":["post-1004","page","type-page","status-publish","hentry","entry"],"yoast_head":"<!-- This site is optimized with the Yoast SEO plugin v27.4 - https:\/\/yoast.com\/product\/yoast-seo-wordpress\/ -->\n<title>Benjamim Constant do Sul - AMAU - Associa\u00e7\u00e3o de Munic\u00edpios do Alto Uruguai<\/title>\n<meta name=\"robots\" content=\"index, follow, max-snippet:-1, max-image-preview:large, max-video-preview:-1\" \/>\n<link rel=\"canonical\" href=\"https:\/\/www.amau.com.br\/site\/benjamim-constant-sul\/\" \/>\n<meta property=\"og:locale\" content=\"pt_BR\" \/>\n<meta property=\"og:type\" content=\"article\" \/>\n<meta property=\"og:title\" content=\"Benjamim Constant do Sul - AMAU - Associa\u00e7\u00e3o de Munic\u00edpios do Alto Uruguai\" \/>\n<meta property=\"og:description\" content=\"Prefeito: NILTON JOSE VALENTINI (CIDADANIA) Vice-Prefeito: MARCIO CAPELLARI (PP) Endere\u00e7o: Rua Matriz, 1081 CEP: 99.650-000 Telefone: (54) 9 9996-5198 Site (Famurs): www.benjaminconstantdosul.famurs.com.br Site Prefeitura:\u00a0https:\/\/www.benjaminconstantdosul.rs.gov.br\/ Funda\u00e7\u00e3o: 1995 \u00c1rea:\u00a0132,396 km\u00b2 Estimativa Popula\u00e7\u00e3o [2022]: 2.082 Dist\u00e2ncia de PoA: 409 km Dist\u00e2ncia de Erechim: 43,5 km Gent\u00edlico: Benjaminense Hist\u00f3ria Antes da chegada dos colonizadores, os povos ind\u00edgenas j\u00e1 habitavam [&hellip;]\" \/>\n<meta property=\"og:url\" content=\"https:\/\/www.amau.com.br\/site\/benjamim-constant-sul\/\" \/>\n<meta property=\"og:site_name\" content=\"AMAU - Associa\u00e7\u00e3o de Munic\u00edpios do Alto Uruguai\" \/>\n<meta property=\"article:publisher\" content=\"http:\/\/www.facebook.com\/amauaaltouruguai\" \/>\n<meta property=\"article:modified_time\" content=\"2025-02-12T13:39:43+00:00\" \/>\n<meta property=\"og:image\" content=\"https:\/\/www.amau.com.br\/site\/wp-content\/uploads\/2017\/04\/800px-Bras\u00e3o_Benjamin_Constant_do_Sul-150x150.jpg\" \/>\n<meta name=\"twitter:card\" content=\"summary_large_image\" \/>\n<meta name=\"twitter:label1\" content=\"Est. tempo de leitura\" \/>\n\t<meta name=\"twitter:data1\" content=\"2 minutos\" \/>\n<script type=\"application\/ld+json\" class=\"yoast-schema-graph\">{\"@context\":\"https:\\\/\\\/schema.org\",\"@graph\":[{\"@type\":\"WebPage\",\"@id\":\"https:\\\/\\\/www.amau.com.br\\\/site\\\/benjamim-constant-sul\\\/\",\"url\":\"https:\\\/\\\/www.amau.com.br\\\/site\\\/benjamim-constant-sul\\\/\",\"name\":\"Benjamim Constant do Sul - AMAU - Associa\u00e7\u00e3o de Munic\u00edpios do Alto Uruguai\",\"isPartOf\":{\"@id\":\"https:\\\/\\\/www.amau.com.br\\\/site\\\/#website\"},\"datePublished\":\"2017-04-27T04:46:55+00:00\",\"dateModified\":\"2025-02-12T13:39:43+00:00\",\"breadcrumb\":{\"@id\":\"https:\\\/\\\/www.amau.com.br\\\/site\\\/benjamim-constant-sul\\\/#breadcrumb\"},\"inLanguage\":\"pt-BR\",\"potentialAction\":[{\"@type\":\"ReadAction\",\"target\":[\"https:\\\/\\\/www.amau.com.br\\\/site\\\/benjamim-constant-sul\\\/\"]}]},{\"@type\":\"BreadcrumbList\",\"@id\":\"https:\\\/\\\/www.amau.com.br\\\/site\\\/benjamim-constant-sul\\\/#breadcrumb\",\"itemListElement\":[{\"@type\":\"ListItem\",\"position\":1,\"name\":\"Home\",\"item\":\"https:\\\/\\\/www.amau.com.br\\\/site\\\/\"},{\"@type\":\"ListItem\",\"position\":2,\"name\":\"Benjamim Constant do Sul\"}]},{\"@type\":\"WebSite\",\"@id\":\"https:\\\/\\\/www.amau.com.br\\\/site\\\/#website\",\"url\":\"https:\\\/\\\/www.amau.com.br\\\/site\\\/\",\"name\":\"AMAU - Associa\u00e7\u00e3o de Munic\u00edpios do Alto Uruguai\",\"description\":\"Construindo alternativas para o desenvolvimento.\",\"publisher\":{\"@id\":\"https:\\\/\\\/www.amau.com.br\\\/site\\\/#organization\"},\"potentialAction\":[{\"@type\":\"SearchAction\",\"target\":{\"@type\":\"EntryPoint\",\"urlTemplate\":\"https:\\\/\\\/www.amau.com.br\\\/site\\\/?s={search_term_string}\"},\"query-input\":{\"@type\":\"PropertyValueSpecification\",\"valueRequired\":true,\"valueName\":\"search_term_string\"}}],\"inLanguage\":\"pt-BR\"},{\"@type\":\"Organization\",\"@id\":\"https:\\\/\\\/www.amau.com.br\\\/site\\\/#organization\",\"name\":\"AMAU - Associa\u00e7\u00e3o de Munic\u00edpios do Alto Uruguai\",\"url\":\"https:\\\/\\\/www.amau.com.br\\\/site\\\/\",\"logo\":{\"@type\":\"ImageObject\",\"inLanguage\":\"pt-BR\",\"@id\":\"https:\\\/\\\/www.amau.com.br\\\/site\\\/#\\\/schema\\\/logo\\\/image\\\/\",\"url\":\"https:\\\/\\\/www.amau.com.br\\\/site\\\/wp-content\\\/uploads\\\/2017\\\/04\\\/cropped-Amau-Logos-Site-300-1.png\",\"contentUrl\":\"https:\\\/\\\/www.amau.com.br\\\/site\\\/wp-content\\\/uploads\\\/2017\\\/04\\\/cropped-Amau-Logos-Site-300-1.png\",\"width\":807,\"height\":221,\"caption\":\"AMAU - Associa\u00e7\u00e3o de Munic\u00edpios do Alto Uruguai\"},\"image\":{\"@id\":\"https:\\\/\\\/www.amau.com.br\\\/site\\\/#\\\/schema\\\/logo\\\/image\\\/\"},\"sameAs\":[\"http:\\\/\\\/www.facebook.com\\\/amauaaltouruguai\"]}]}<\/script>\n<!-- \/ Yoast SEO plugin. -->","yoast_head_json":{"title":"Benjamim Constant do Sul - AMAU - Associa\u00e7\u00e3o de Munic\u00edpios do Alto Uruguai","robots":{"index":"index","follow":"follow","max-snippet":"max-snippet:-1","max-image-preview":"max-image-preview:large","max-video-preview":"max-video-preview:-1"},"canonical":"https:\/\/www.amau.com.br\/site\/benjamim-constant-sul\/","og_locale":"pt_BR","og_type":"article","og_title":"Benjamim Constant do Sul - AMAU - Associa\u00e7\u00e3o de Munic\u00edpios do Alto Uruguai","og_description":"Prefeito: NILTON JOSE VALENTINI (CIDADANIA) Vice-Prefeito: MARCIO CAPELLARI (PP) Endere\u00e7o: Rua Matriz, 1081 CEP: 99.650-000 Telefone: (54) 9 9996-5198 Site (Famurs): www.benjaminconstantdosul.famurs.com.br Site Prefeitura:\u00a0https:\/\/www.benjaminconstantdosul.rs.gov.br\/ Funda\u00e7\u00e3o: 1995 \u00c1rea:\u00a0132,396 km\u00b2 Estimativa Popula\u00e7\u00e3o [2022]: 2.082 Dist\u00e2ncia de PoA: 409 km Dist\u00e2ncia de Erechim: 43,5 km Gent\u00edlico: Benjaminense Hist\u00f3ria Antes da chegada dos colonizadores, os povos ind\u00edgenas j\u00e1 habitavam [&hellip;]","og_url":"https:\/\/www.amau.com.br\/site\/benjamim-constant-sul\/","og_site_name":"AMAU - Associa\u00e7\u00e3o de Munic\u00edpios do Alto Uruguai","article_publisher":"http:\/\/www.facebook.com\/amauaaltouruguai","article_modified_time":"2025-02-12T13:39:43+00:00","og_image":[{"url":"https:\/\/www.amau.com.br\/site\/wp-content\/uploads\/2017\/04\/800px-Bras\u00e3o_Benjamin_Constant_do_Sul-150x150.jpg","type":"","width":"","height":""}],"twitter_card":"summary_large_image","twitter_misc":{"Est. tempo de leitura":"2 minutos"},"schema":{"@context":"https:\/\/schema.org","@graph":[{"@type":"WebPage","@id":"https:\/\/www.amau.com.br\/site\/benjamim-constant-sul\/","url":"https:\/\/www.amau.com.br\/site\/benjamim-constant-sul\/","name":"Benjamim Constant do Sul - AMAU - Associa\u00e7\u00e3o de Munic\u00edpios do Alto Uruguai","isPartOf":{"@id":"https:\/\/www.amau.com.br\/site\/#website"},"datePublished":"2017-04-27T04:46:55+00:00","dateModified":"2025-02-12T13:39:43+00:00","breadcrumb":{"@id":"https:\/\/www.amau.com.br\/site\/benjamim-constant-sul\/#breadcrumb"},"inLanguage":"pt-BR","potentialAction":[{"@type":"ReadAction","target":["https:\/\/www.amau.com.br\/site\/benjamim-constant-sul\/"]}]},{"@type":"BreadcrumbList","@id":"https:\/\/www.amau.com.br\/site\/benjamim-constant-sul\/#breadcrumb","itemListElement":[{"@type":"ListItem","position":1,"name":"Home","item":"https:\/\/www.amau.com.br\/site\/"},{"@type":"ListItem","position":2,"name":"Benjamim Constant do Sul"}]},{"@type":"WebSite","@id":"https:\/\/www.amau.com.br\/site\/#website","url":"https:\/\/www.amau.com.br\/site\/","name":"AMAU - Associa\u00e7\u00e3o de Munic\u00edpios do Alto Uruguai","description":"Construindo alternativas para o desenvolvimento.","publisher":{"@id":"https:\/\/www.amau.com.br\/site\/#organization"},"potentialAction":[{"@type":"SearchAction","target":{"@type":"EntryPoint","urlTemplate":"https:\/\/www.amau.com.br\/site\/?s={search_term_string}"},"query-input":{"@type":"PropertyValueSpecification","valueRequired":true,"valueName":"search_term_string"}}],"inLanguage":"pt-BR"},{"@type":"Organization","@id":"https:\/\/www.amau.com.br\/site\/#organization","name":"AMAU - Associa\u00e7\u00e3o de Munic\u00edpios do Alto Uruguai","url":"https:\/\/www.amau.com.br\/site\/","logo":{"@type":"ImageObject","inLanguage":"pt-BR","@id":"https:\/\/www.amau.com.br\/site\/#\/schema\/logo\/image\/","url":"https:\/\/www.amau.com.br\/site\/wp-content\/uploads\/2017\/04\/cropped-Amau-Logos-Site-300-1.png","contentUrl":"https:\/\/www.amau.com.br\/site\/wp-content\/uploads\/2017\/04\/cropped-Amau-Logos-Site-300-1.png","width":807,"height":221,"caption":"AMAU - Associa\u00e7\u00e3o de Munic\u00edpios do Alto Uruguai"},"image":{"@id":"https:\/\/www.amau.com.br\/site\/#\/schema\/logo\/image\/"},"sameAs":["http:\/\/www.facebook.com\/amauaaltouruguai"]}]}},"_links":{"self":[{"href":"https:\/\/www.amau.com.br\/site\/wp-json\/wp\/v2\/pages\/1004","targetHints":{"allow":["GET"]}}],"collection":[{"href":"https:\/\/www.amau.com.br\/site\/wp-json\/wp\/v2\/pages"}],"about":[{"href":"https:\/\/www.amau.com.br\/site\/wp-json\/wp\/v2\/types\/page"}],"author":[{"embeddable":true,"href":"https:\/\/www.amau.com.br\/site\/wp-json\/wp\/v2\/users\/1"}],"replies":[{"embeddable":true,"href":"https:\/\/www.amau.com.br\/site\/wp-json\/wp\/v2\/comments?post=1004"}],"version-history":[{"count":0,"href":"https:\/\/www.amau.com.br\/site\/wp-json\/wp\/v2\/pages\/1004\/revisions"}],"wp:attachment":[{"href":"https:\/\/www.amau.com.br\/site\/wp-json\/wp\/v2\/media?parent=1004"}],"curies":[{"name":"wp","href":"https:\/\/api.w.org\/{rel}","templated":true}]}}