{"id":1002,"date":"2017-04-27T01:45:50","date_gmt":"2017-04-27T04:45:50","guid":{"rendered":"http:\/\/amau.com.br\/site\/?page_id=1002"},"modified":"2025-01-17T13:51:11","modified_gmt":"2025-01-17T16:51:11","slug":"barra-do-rio-azul","status":"publish","type":"page","link":"https:\/\/www.amau.com.br\/site\/barra-do-rio-azul\/","title":{"rendered":"Barra do Rio Azul"},"content":{"rendered":"<p><strong>Prefeito:<\/strong> <span class=\"selectable-text copyable-text false\">ANDERSON FERNANDO BAGATINI (PRD)<\/span><br \/>\n<strong>Vice-Prefeito:<\/strong> AIRTON JOSE PAN (MDB)<\/p>\n<p><strong>Endere\u00e7o:<\/strong> Rua das Rosas, 268<br \/>\n<strong>CEP:<\/strong> 99.795-000<br \/>\n<strong>Telefone:<\/strong> (54) 98423-1430<br \/>\n<strong>Site (Famurs):<\/strong>\u00a0<a href=\"http:\/\/www.barradorioazul.famurs.com.br\/\">www.barradorioazul.famurs.com.br<br \/>\n<\/a><strong>Site Prefeitura:<a href=\"http:\/\/www.barradorioazul.rs.gov.br\/\">http:\/\/www.barradorioazul.rs.gov.br\/<\/a><\/strong><\/p>\n<p><strong>Funda\u00e7\u00e3o:\u00a0<\/strong>20 de mar\u00e7o de 1992<strong><br \/>\n\u00c1rea:<\/strong>\u00a0147,571 km\u00b2<\/p>\n<p><b>Estimativa Popula\u00e7\u00e3o [2022]:<\/b> 1.696<\/p>\n<p><strong>Dist\u00e2ncia de PoA:<\/strong> 412 km<br \/>\n<strong>Dist\u00e2ncia de Erechim: <\/strong>36 Km<\/p>\n<p><strong>Gent\u00edlico:<\/strong> Barrazulense<\/p>\n<div id='gallery-1' class='gallery galleryid-1002 gallery-columns-3 gallery-size-thumbnail'><figure class='gallery-item'>\n\t\t\t<div class='gallery-icon portrait'>\n\t\t\t\t<a href='https:\/\/www.amau.com.br\/site\/wp-content\/uploads\/2017\/04\/Bras\u00e3o_Barra_do_Rio_Azul.jpg'><img decoding=\"async\" width=\"62\" height=\"70\" src=\"https:\/\/www.amau.com.br\/site\/wp-content\/uploads\/2017\/04\/Bras\u00e3o_Barra_do_Rio_Azul.jpg\" class=\"attachment-thumbnail size-thumbnail\" alt=\"\" aria-describedby=\"gallery-1-1568\" srcset=\"https:\/\/www.amau.com.br\/site\/wp-content\/uploads\/2017\/04\/Bras\u00e3o_Barra_do_Rio_Azul.jpg 62w, https:\/\/www.amau.com.br\/site\/wp-content\/uploads\/2017\/04\/Bras\u00e3o_Barra_do_Rio_Azul-27x30.jpg 27w\" sizes=\"(max-width: 62px) 100vw, 62px\" \/><\/a>\n\t\t\t<\/div>\n\t\t\t\t<figcaption class='wp-caption-text gallery-caption' id='gallery-1-1568'>\n\t\t\t\tBras\u00e3o\n\t\t\t\t<\/figcaption><\/figure><figure class='gallery-item'>\n\t\t\t<div class='gallery-icon landscape'>\n\t\t\t\t<a href='https:\/\/www.amau.com.br\/site\/wp-content\/uploads\/2017\/04\/318.jpg'><img decoding=\"async\" width=\"150\" height=\"150\" src=\"https:\/\/www.amau.com.br\/site\/wp-content\/uploads\/2017\/04\/318-150x150.jpg\" class=\"attachment-thumbnail size-thumbnail\" alt=\"\" srcset=\"https:\/\/www.amau.com.br\/site\/wp-content\/uploads\/2017\/04\/318-150x150.jpg 150w, https:\/\/www.amau.com.br\/site\/wp-content\/uploads\/2017\/04\/318-230x230.jpg 230w, https:\/\/www.amau.com.br\/site\/wp-content\/uploads\/2017\/04\/318-365x365.jpg 365w, https:\/\/www.amau.com.br\/site\/wp-content\/uploads\/2017\/04\/318-50x50.jpg 50w\" sizes=\"(max-width: 150px) 100vw, 150px\" \/><\/a>\n\t\t\t<\/div><\/figure>\n\t\t<\/div>\n\n<p><strong>Hist\u00f3ria<\/strong><\/p>\n<div id=\"article\">\n<div id=\"container-article\">\n<div id=\"programacao\">\n<div class=\"conteudo-ajax\">\n<p>A hist\u00f3ria da Barra do Rio Azul, localizada no Alto Uruguai, confunde-se com a hist\u00f3ria da pr\u00f3pria antiga sede municipal, Aratiba, cuja coloniza\u00e7\u00e3o foi iniciada em 1917, quando a Companhia Luci Rosa demarcou toda regi\u00e3o. Antes de chamar-se Aratiba, a ex-sede era denominada &#8220;Rio Novo&#8221;.<\/p>\n<p>O nome &#8220;Barra do Rio Azul&#8221; prov\u00e9m do fato de, no centro dessa cidade, ocorrer o encontro do Rio Azul com o Rio Paloma, assim denominada da\u00ed por diante, at\u00e9 encontrar o Rio Uruguai.<\/p>\n<p>Os primeiros moradores foram Hetore Munaro, Josu\u00e9 Vazzatta, Querino Mazzochin, Ant\u00f4nio Pilatti, Jo\u00e3o Basso, Bernardo Basso, Ernesto Munaro, Antonio Munaro e Luiz Munaro.<\/p>\n<p>A atual Escola de 1\u00ba Grau Completo Cardeal Leme constituiu a primeira escola de Barra do Rio Azul, constru\u00edda em 1929, sendo seu primeiro professor o Sr. Jo\u00e3o Nuckirchen.<\/p>\n<p>Em 1927 era erguida a primeira Capela (na qual o Frei Cyrillo Stock oficiou a primeira missa) e que, em 1938, veio a constituir a Par\u00f3quia Medianeira. Ap\u00f3s uma reforma em 1988, essa Igreja se tornou uma atra\u00e7\u00e3o tur\u00edstica, gra\u00e7as a sua arquitetura.<\/p>\n<p>O primeiro hospital foi constru\u00eddo em 1942 sob orienta\u00e7\u00e3o do Dr. Walter Pecoits, e adquirido sete anos mais tarde pelo Dr. Dario Wilfredo Waldivia Almanza. A primeira casa comercial data de 1928, com o nome &#8220;Com\u00e9rcio de Tecidos Detoni Ltda.&#8221; e que funciona at\u00e9 hoje com a raz\u00e3o social, embora tenha ampliado suas atividades para a cria\u00e7\u00e3o de su\u00ednos e caprinos de ra\u00e7a, tendo obtido diversos pr\u00eamios em exposi\u00e7\u00f5es.<\/p>\n<p>A cidade conta com o abastecimento de \u00e1gua proveniente de po\u00e7o artesiano, clubes esportivos, culturais e beneficentes e duas repetidoras de televis\u00e3o.<\/p>\n<p>A composi\u00e7\u00e3o \u00e9tnica da popula\u00e7\u00e3o compreende 65% de italianos, 20% de alem\u00e3es e 15% de grupos minorit\u00e1rios, entre poloneses, russos e outros.<\/p>\n<p>A comunidade de Barra do Rio Azul pretende, com a emancipa\u00e7\u00e3o, investir na agroind\u00fastria, gerando mais riquezas para as fam\u00edlias da regi\u00e3o, visando, em \u00faltima an\u00e1lise, a melhoria da qualidade de vida do cidad\u00e3o, sem destruir o meio ambiente.<\/p>\n<p>Em 1914 a localidade de Barra do Rio Azul come\u00e7ou a receber os primeiros colonos de origem italiana. Entretanto, \u00e9 a partir da d\u00e9cada de 20 que o fluxo migrat\u00f3rio se tornou mais intenso.<\/p>\n<p>At\u00e9 meados de 1950, Barra do Rio Azul foi um importante centro urbano, se comparado aos padr\u00f5es de pequenas localidades do per\u00edodo. Dispunha de energia el\u00e9trica, possu\u00eda um com\u00e9rcio intenso e um grande e bem equipado hospital (fundado em 1949) que destinava-se, inclusive, ao atendimento da demanda das popula\u00e7\u00f5es vizinhas.<\/p>\n<p>Tornou-se distrito de Erechim pela Lei n\u00ba 121, em 23 de novembro de 1951. Em 1955, Aratiba foi elevada a munic\u00edpio, emancipando-se de Erechim, e Barra do Rio Azul passou a ser distrito daquele munic\u00edpio pela Lei Municipal n\u00ba 02, de 02 de janeiro de 1956.<\/p>\n<p>At\u00e9 os anos 50, Barra do Rio Azul disputava a economia da regi\u00e3o com centros urbanos vizinhos como Aratiba, Itatiba do Sul e Bar\u00e3o do Cotegipe. Entretanto, a emancipa\u00e7\u00e3o pol\u00edtica dos referidos munic\u00edpios, somada \u00e0 exclus\u00e3o de Barra do Rio Azul das principais rotas da regi\u00e3o, comprometeu a din\u00e2mica da sua economia, que atravessou um prolongado per\u00edodo de estagna\u00e7\u00e3o. Com a emancipa\u00e7\u00e3o pol\u00edtico-administrativa do distrito em 20\/03\/1992, esta situa\u00e7\u00e3o tende a mudar.<\/p>\n<\/div>\n<\/div>\n<\/div>\n<\/div>\n<p>Principais eventos tradicionais e datas:<\/p>\n<p>JANTAR DO PORCO NO ROLETE NA COMUNIDADE N\u00c3O FACELITE, 04\/03.<\/p>\n<p>JANTAR DO FRANGO CAIPIRA NA COMUNIDADE DO RIO BRASIL, DIA: 11\/03.<\/p>\n<p>FESTA ANIVERSARIO MUNIC\u00cdPIO,\u00a0 DIA: 18\u00a0 E 19\/03.<\/p>\n","protected":false},"excerpt":{"rendered":"<p>Prefeito: ANDERSON FERNANDO BAGATINI (PRD) Vice-Prefeito: AIRTON JOSE PAN (MDB) Endere\u00e7o: Rua das Rosas, 268 CEP: 99.795-000 Telefone: (54) 98423-1430 Site (Famurs):\u00a0www.barradorioazul.famurs.com.br Site Prefeitura:http:\/\/www.barradorioazul.rs.gov.br\/ Funda\u00e7\u00e3o:\u00a020 de mar\u00e7o de 1992 \u00c1rea:\u00a0147,571 km\u00b2 Estimativa Popula\u00e7\u00e3o [2022]: 1.696 Dist\u00e2ncia de PoA: 412 km Dist\u00e2ncia de Erechim: 36 Km Gent\u00edlico: Barrazulense Hist\u00f3ria A hist\u00f3ria da Barra do Rio Azul, [&hellip;]<\/p>\n","protected":false},"author":1,"featured_media":0,"parent":0,"menu_order":0,"comment_status":"closed","ping_status":"closed","template":"","meta":{"ocean_post_layout":"","ocean_both_sidebars_style":"","ocean_both_sidebars_content_width":0,"ocean_both_sidebars_sidebars_width":0,"ocean_sidebar":"0","ocean_second_sidebar":"0","ocean_disable_margins":"enable","ocean_add_body_class":"","ocean_shortcode_before_top_bar":"","ocean_shortcode_after_top_bar":"","ocean_shortcode_before_header":"","ocean_shortcode_after_header":"","ocean_has_shortcode":"","ocean_shortcode_after_title":"","ocean_shortcode_before_footer_widgets":"","ocean_shortcode_after_footer_widgets":"","ocean_shortcode_before_footer_bottom":"","ocean_shortcode_after_footer_bottom":"","ocean_display_top_bar":"default","ocean_display_header":"default","ocean_header_style":"","ocean_center_header_left_menu":"0","ocean_custom_header_template":"0","ocean_custom_logo":0,"ocean_custom_retina_logo":0,"ocean_custom_logo_max_width":0,"ocean_custom_logo_tablet_max_width":0,"ocean_custom_logo_mobile_max_width":0,"ocean_custom_logo_max_height":0,"ocean_custom_logo_tablet_max_height":0,"ocean_custom_logo_mobile_max_height":0,"ocean_header_custom_menu":"0","ocean_menu_typo_font_family":"0","ocean_menu_typo_font_subset":"","ocean_menu_typo_font_size":0,"ocean_menu_typo_font_size_tablet":0,"ocean_menu_typo_font_size_mobile":0,"ocean_menu_typo_font_size_unit":"px","ocean_menu_typo_font_weight":"","ocean_menu_typo_font_weight_tablet":"","ocean_menu_typo_font_weight_mobile":"","ocean_menu_typo_transform":"","ocean_menu_typo_transform_tablet":"","ocean_menu_typo_transform_mobile":"","ocean_menu_typo_line_height":0,"ocean_menu_typo_line_height_tablet":0,"ocean_menu_typo_line_height_mobile":0,"ocean_menu_typo_line_height_unit":"","ocean_menu_typo_spacing":0,"ocean_menu_typo_spacing_tablet":0,"ocean_menu_typo_spacing_mobile":0,"ocean_menu_typo_spacing_unit":"","ocean_menu_link_color":"","ocean_menu_link_color_hover":"","ocean_menu_link_color_active":"","ocean_menu_link_background":"","ocean_menu_link_hover_background":"","ocean_menu_link_active_background":"","ocean_menu_social_links_bg":"","ocean_menu_social_hover_links_bg":"","ocean_menu_social_links_color":"","ocean_menu_social_hover_links_color":"","ocean_disable_title":"default","ocean_disable_heading":"default","ocean_post_title":"","ocean_post_subheading":"","ocean_post_title_style":"","ocean_post_title_background_color":"","ocean_post_title_background":0,"ocean_post_title_bg_image_position":"","ocean_post_title_bg_image_attachment":"","ocean_post_title_bg_image_repeat":"","ocean_post_title_bg_image_size":"","ocean_post_title_height":0,"ocean_post_title_bg_overlay":0.5,"ocean_post_title_bg_overlay_color":"","ocean_disable_breadcrumbs":"default","ocean_breadcrumbs_color":"","ocean_breadcrumbs_separator_color":"","ocean_breadcrumbs_links_color":"","ocean_breadcrumbs_links_hover_color":"","ocean_display_footer_widgets":"default","ocean_display_footer_bottom":"default","ocean_custom_footer_template":"0","footnotes":""},"class_list":["post-1002","page","type-page","status-publish","hentry","entry"],"yoast_head":"<!-- This site is optimized with the Yoast SEO plugin v27.4 - https:\/\/yoast.com\/product\/yoast-seo-wordpress\/ -->\n<title>Barra do Rio Azul - AMAU - Associa\u00e7\u00e3o de Munic\u00edpios do Alto Uruguai<\/title>\n<meta name=\"robots\" content=\"index, follow, max-snippet:-1, max-image-preview:large, max-video-preview:-1\" \/>\n<link rel=\"canonical\" href=\"https:\/\/www.amau.com.br\/site\/barra-do-rio-azul\/\" \/>\n<meta property=\"og:locale\" content=\"pt_BR\" \/>\n<meta property=\"og:type\" content=\"article\" \/>\n<meta property=\"og:title\" content=\"Barra do Rio Azul - AMAU - Associa\u00e7\u00e3o de Munic\u00edpios do Alto Uruguai\" \/>\n<meta property=\"og:description\" content=\"Prefeito: ANDERSON FERNANDO BAGATINI (PRD) Vice-Prefeito: AIRTON JOSE PAN (MDB) Endere\u00e7o: Rua das Rosas, 268 CEP: 99.795-000 Telefone: (54) 98423-1430 Site (Famurs):\u00a0www.barradorioazul.famurs.com.br Site Prefeitura:http:\/\/www.barradorioazul.rs.gov.br\/ Funda\u00e7\u00e3o:\u00a020 de mar\u00e7o de 1992 \u00c1rea:\u00a0147,571 km\u00b2 Estimativa Popula\u00e7\u00e3o [2022]: 1.696 Dist\u00e2ncia de PoA: 412 km Dist\u00e2ncia de Erechim: 36 Km Gent\u00edlico: Barrazulense Hist\u00f3ria A hist\u00f3ria da Barra do Rio Azul, [&hellip;]\" \/>\n<meta property=\"og:url\" content=\"https:\/\/www.amau.com.br\/site\/barra-do-rio-azul\/\" \/>\n<meta property=\"og:site_name\" content=\"AMAU - Associa\u00e7\u00e3o de Munic\u00edpios do Alto Uruguai\" \/>\n<meta property=\"article:publisher\" content=\"http:\/\/www.facebook.com\/amauaaltouruguai\" \/>\n<meta property=\"article:modified_time\" content=\"2025-01-17T16:51:11+00:00\" \/>\n<meta property=\"og:image\" content=\"https:\/\/www.amau.com.br\/site\/wp-content\/uploads\/2017\/04\/Bras\u00e3o_Barra_do_Rio_Azul.jpg\" \/>\n<meta name=\"twitter:card\" content=\"summary_large_image\" \/>\n<meta name=\"twitter:label1\" content=\"Est. tempo de leitura\" \/>\n\t<meta name=\"twitter:data1\" content=\"4 minutos\" \/>\n<script type=\"application\/ld+json\" class=\"yoast-schema-graph\">{\"@context\":\"https:\\\/\\\/schema.org\",\"@graph\":[{\"@type\":\"WebPage\",\"@id\":\"https:\\\/\\\/www.amau.com.br\\\/site\\\/barra-do-rio-azul\\\/\",\"url\":\"https:\\\/\\\/www.amau.com.br\\\/site\\\/barra-do-rio-azul\\\/\",\"name\":\"Barra do Rio Azul - AMAU - Associa\u00e7\u00e3o de Munic\u00edpios do Alto Uruguai\",\"isPartOf\":{\"@id\":\"https:\\\/\\\/www.amau.com.br\\\/site\\\/#website\"},\"datePublished\":\"2017-04-27T04:45:50+00:00\",\"dateModified\":\"2025-01-17T16:51:11+00:00\",\"breadcrumb\":{\"@id\":\"https:\\\/\\\/www.amau.com.br\\\/site\\\/barra-do-rio-azul\\\/#breadcrumb\"},\"inLanguage\":\"pt-BR\",\"potentialAction\":[{\"@type\":\"ReadAction\",\"target\":[\"https:\\\/\\\/www.amau.com.br\\\/site\\\/barra-do-rio-azul\\\/\"]}]},{\"@type\":\"BreadcrumbList\",\"@id\":\"https:\\\/\\\/www.amau.com.br\\\/site\\\/barra-do-rio-azul\\\/#breadcrumb\",\"itemListElement\":[{\"@type\":\"ListItem\",\"position\":1,\"name\":\"Home\",\"item\":\"https:\\\/\\\/www.amau.com.br\\\/site\\\/\"},{\"@type\":\"ListItem\",\"position\":2,\"name\":\"Barra do Rio Azul\"}]},{\"@type\":\"WebSite\",\"@id\":\"https:\\\/\\\/www.amau.com.br\\\/site\\\/#website\",\"url\":\"https:\\\/\\\/www.amau.com.br\\\/site\\\/\",\"name\":\"AMAU - Associa\u00e7\u00e3o de Munic\u00edpios do Alto Uruguai\",\"description\":\"Construindo alternativas para o desenvolvimento.\",\"publisher\":{\"@id\":\"https:\\\/\\\/www.amau.com.br\\\/site\\\/#organization\"},\"potentialAction\":[{\"@type\":\"SearchAction\",\"target\":{\"@type\":\"EntryPoint\",\"urlTemplate\":\"https:\\\/\\\/www.amau.com.br\\\/site\\\/?s={search_term_string}\"},\"query-input\":{\"@type\":\"PropertyValueSpecification\",\"valueRequired\":true,\"valueName\":\"search_term_string\"}}],\"inLanguage\":\"pt-BR\"},{\"@type\":\"Organization\",\"@id\":\"https:\\\/\\\/www.amau.com.br\\\/site\\\/#organization\",\"name\":\"AMAU - Associa\u00e7\u00e3o de Munic\u00edpios do Alto Uruguai\",\"url\":\"https:\\\/\\\/www.amau.com.br\\\/site\\\/\",\"logo\":{\"@type\":\"ImageObject\",\"inLanguage\":\"pt-BR\",\"@id\":\"https:\\\/\\\/www.amau.com.br\\\/site\\\/#\\\/schema\\\/logo\\\/image\\\/\",\"url\":\"https:\\\/\\\/www.amau.com.br\\\/site\\\/wp-content\\\/uploads\\\/2017\\\/04\\\/cropped-Amau-Logos-Site-300-1.png\",\"contentUrl\":\"https:\\\/\\\/www.amau.com.br\\\/site\\\/wp-content\\\/uploads\\\/2017\\\/04\\\/cropped-Amau-Logos-Site-300-1.png\",\"width\":807,\"height\":221,\"caption\":\"AMAU - Associa\u00e7\u00e3o de Munic\u00edpios do Alto Uruguai\"},\"image\":{\"@id\":\"https:\\\/\\\/www.amau.com.br\\\/site\\\/#\\\/schema\\\/logo\\\/image\\\/\"},\"sameAs\":[\"http:\\\/\\\/www.facebook.com\\\/amauaaltouruguai\"]}]}<\/script>\n<!-- \/ Yoast SEO plugin. -->","yoast_head_json":{"title":"Barra do Rio Azul - AMAU - Associa\u00e7\u00e3o de Munic\u00edpios do Alto Uruguai","robots":{"index":"index","follow":"follow","max-snippet":"max-snippet:-1","max-image-preview":"max-image-preview:large","max-video-preview":"max-video-preview:-1"},"canonical":"https:\/\/www.amau.com.br\/site\/barra-do-rio-azul\/","og_locale":"pt_BR","og_type":"article","og_title":"Barra do Rio Azul - AMAU - Associa\u00e7\u00e3o de Munic\u00edpios do Alto Uruguai","og_description":"Prefeito: ANDERSON FERNANDO BAGATINI (PRD) Vice-Prefeito: AIRTON JOSE PAN (MDB) Endere\u00e7o: Rua das Rosas, 268 CEP: 99.795-000 Telefone: (54) 98423-1430 Site (Famurs):\u00a0www.barradorioazul.famurs.com.br Site Prefeitura:http:\/\/www.barradorioazul.rs.gov.br\/ Funda\u00e7\u00e3o:\u00a020 de mar\u00e7o de 1992 \u00c1rea:\u00a0147,571 km\u00b2 Estimativa Popula\u00e7\u00e3o [2022]: 1.696 Dist\u00e2ncia de PoA: 412 km Dist\u00e2ncia de Erechim: 36 Km Gent\u00edlico: Barrazulense Hist\u00f3ria A hist\u00f3ria da Barra do Rio Azul, [&hellip;]","og_url":"https:\/\/www.amau.com.br\/site\/barra-do-rio-azul\/","og_site_name":"AMAU - Associa\u00e7\u00e3o de Munic\u00edpios do Alto Uruguai","article_publisher":"http:\/\/www.facebook.com\/amauaaltouruguai","article_modified_time":"2025-01-17T16:51:11+00:00","og_image":[{"url":"https:\/\/www.amau.com.br\/site\/wp-content\/uploads\/2017\/04\/Bras\u00e3o_Barra_do_Rio_Azul.jpg","type":"","width":"","height":""}],"twitter_card":"summary_large_image","twitter_misc":{"Est. tempo de leitura":"4 minutos"},"schema":{"@context":"https:\/\/schema.org","@graph":[{"@type":"WebPage","@id":"https:\/\/www.amau.com.br\/site\/barra-do-rio-azul\/","url":"https:\/\/www.amau.com.br\/site\/barra-do-rio-azul\/","name":"Barra do Rio Azul - AMAU - Associa\u00e7\u00e3o de Munic\u00edpios do Alto Uruguai","isPartOf":{"@id":"https:\/\/www.amau.com.br\/site\/#website"},"datePublished":"2017-04-27T04:45:50+00:00","dateModified":"2025-01-17T16:51:11+00:00","breadcrumb":{"@id":"https:\/\/www.amau.com.br\/site\/barra-do-rio-azul\/#breadcrumb"},"inLanguage":"pt-BR","potentialAction":[{"@type":"ReadAction","target":["https:\/\/www.amau.com.br\/site\/barra-do-rio-azul\/"]}]},{"@type":"BreadcrumbList","@id":"https:\/\/www.amau.com.br\/site\/barra-do-rio-azul\/#breadcrumb","itemListElement":[{"@type":"ListItem","position":1,"name":"Home","item":"https:\/\/www.amau.com.br\/site\/"},{"@type":"ListItem","position":2,"name":"Barra do Rio Azul"}]},{"@type":"WebSite","@id":"https:\/\/www.amau.com.br\/site\/#website","url":"https:\/\/www.amau.com.br\/site\/","name":"AMAU - Associa\u00e7\u00e3o de Munic\u00edpios do Alto Uruguai","description":"Construindo alternativas para o desenvolvimento.","publisher":{"@id":"https:\/\/www.amau.com.br\/site\/#organization"},"potentialAction":[{"@type":"SearchAction","target":{"@type":"EntryPoint","urlTemplate":"https:\/\/www.amau.com.br\/site\/?s={search_term_string}"},"query-input":{"@type":"PropertyValueSpecification","valueRequired":true,"valueName":"search_term_string"}}],"inLanguage":"pt-BR"},{"@type":"Organization","@id":"https:\/\/www.amau.com.br\/site\/#organization","name":"AMAU - Associa\u00e7\u00e3o de Munic\u00edpios do Alto Uruguai","url":"https:\/\/www.amau.com.br\/site\/","logo":{"@type":"ImageObject","inLanguage":"pt-BR","@id":"https:\/\/www.amau.com.br\/site\/#\/schema\/logo\/image\/","url":"https:\/\/www.amau.com.br\/site\/wp-content\/uploads\/2017\/04\/cropped-Amau-Logos-Site-300-1.png","contentUrl":"https:\/\/www.amau.com.br\/site\/wp-content\/uploads\/2017\/04\/cropped-Amau-Logos-Site-300-1.png","width":807,"height":221,"caption":"AMAU - Associa\u00e7\u00e3o de Munic\u00edpios do Alto Uruguai"},"image":{"@id":"https:\/\/www.amau.com.br\/site\/#\/schema\/logo\/image\/"},"sameAs":["http:\/\/www.facebook.com\/amauaaltouruguai"]}]}},"_links":{"self":[{"href":"https:\/\/www.amau.com.br\/site\/wp-json\/wp\/v2\/pages\/1002","targetHints":{"allow":["GET"]}}],"collection":[{"href":"https:\/\/www.amau.com.br\/site\/wp-json\/wp\/v2\/pages"}],"about":[{"href":"https:\/\/www.amau.com.br\/site\/wp-json\/wp\/v2\/types\/page"}],"author":[{"embeddable":true,"href":"https:\/\/www.amau.com.br\/site\/wp-json\/wp\/v2\/users\/1"}],"replies":[{"embeddable":true,"href":"https:\/\/www.amau.com.br\/site\/wp-json\/wp\/v2\/comments?post=1002"}],"version-history":[{"count":0,"href":"https:\/\/www.amau.com.br\/site\/wp-json\/wp\/v2\/pages\/1002\/revisions"}],"wp:attachment":[{"href":"https:\/\/www.amau.com.br\/site\/wp-json\/wp\/v2\/media?parent=1002"}],"curies":[{"name":"wp","href":"https:\/\/api.w.org\/{rel}","templated":true}]}}