{"version":"1.0","provider_name":"AMAU - Associa\u00e7\u00e3o de Munic\u00edpios do Alto Uruguai","provider_url":"https:\/\/www.amau.com.br\/site","author_name":"Severiano de Almeida","author_url":"https:\/\/www.amau.com.br\/site\/author\/severiano-de-almeida\/","title":"Severiano de Almeida parabeniza os professores - AMAU - Associa\u00e7\u00e3o de Munic\u00edpios do Alto Uruguai","type":"rich","width":600,"height":338,"html":"<blockquote class=\"wp-embedded-content\" data-secret=\"nkEtpUhnES\"><a href=\"https:\/\/www.amau.com.br\/site\/severiano-de-almeida-parabeniza-os-professores\/\">Severiano de Almeida parabeniza  os professores<\/a><\/blockquote><iframe sandbox=\"allow-scripts\" security=\"restricted\" src=\"https:\/\/www.amau.com.br\/site\/severiano-de-almeida-parabeniza-os-professores\/embed\/#?secret=nkEtpUhnES\" width=\"600\" height=\"338\" title=\"&#8220;Severiano de Almeida parabeniza  os professores&#8221; &#8212; AMAU - Associa\u00e7\u00e3o de Munic\u00edpios do Alto Uruguai\" data-secret=\"nkEtpUhnES\" frameborder=\"0\" marginwidth=\"0\" marginheight=\"0\" scrolling=\"no\" class=\"wp-embedded-content\"><\/iframe><script>\n\/*! This file is auto-generated *\/\n!function(d,l){\"use strict\";l.querySelector&&d.addEventListener&&\"undefined\"!=typeof URL&&(d.wp=d.wp||{},d.wp.receiveEmbedMessage||(d.wp.receiveEmbedMessage=function(e){var t=e.data;if((t||t.secret||t.message||t.value)&&!\/[^a-zA-Z0-9]\/.test(t.secret)){for(var s,r,n,a=l.querySelectorAll('iframe[data-secret=\"'+t.secret+'\"]'),o=l.querySelectorAll('blockquote[data-secret=\"'+t.secret+'\"]'),c=new RegExp(\"^https?:$\",\"i\"),i=0;i<o.length;i++)o[i].style.display=\"none\";for(i=0;i<a.length;i++)s=a[i],e.source===s.contentWindow&&(s.removeAttribute(\"style\"),\"height\"===t.message?(1e3<(r=parseInt(t.value,10))?r=1e3:~~r<200&&(r=200),s.height=r):\"link\"===t.message&&(r=new URL(s.getAttribute(\"src\")),n=new URL(t.value),c.test(n.protocol))&&n.host===r.host&&l.activeElement===s&&(d.top.location.href=t.value))}},d.addEventListener(\"message\",d.wp.receiveEmbedMessage,!1),l.addEventListener(\"DOMContentLoaded\",function(){for(var e,t,s=l.querySelectorAll(\"iframe.wp-embedded-content\"),r=0;r<s.length;r++)(t=(e=s[r]).getAttribute(\"data-secret\"))||(t=Math.random().toString(36).substring(2,12),e.src+=\"#?secret=\"+t,e.setAttribute(\"data-secret\",t)),e.contentWindow.postMessage({message:\"ready\",secret:t},\"*\")},!1)))}(window,document);\n\/\/# sourceURL=https:\/\/www.amau.com.br\/site\/wp-includes\/js\/wp-embed.min.js\n<\/script>\n","thumbnail_url":"https:\/\/www.amau.com.br\/site\/wp-content\/uploads\/2021\/10\/Sev.-1.jpg","thumbnail_width":1000,"thumbnail_height":561,"description":"15 DE OUTUBRO DIA DO PROFESSOR A Administra\u00e7\u00e3o Municipal e a Secretaria de Educa\u00e7\u00e3o parabenizam nesta data todos os professores que s\u00e3o inspira\u00e7\u00e3o, que apoiam seus alunos na busca do conhecimento e na interpreta\u00e7\u00e3o do mundo que os cerca. Parab\u00e9ns a todos os mestres que estendem sua m\u00e3o iniciando o di\u00e1logo e encaminhando o aluno [&hellip;]"}

AMAU - Associação de Municípios do Alto Uruguai

Severiano de Almeida parabeniza os professores - AMAU - Associação de Municípios do Alto Uruguai

<blockquote class="wp-embedded-content" data-secret="nkEtpUhnES"><a href="https://www.amau.com.br/site/severiano-de-almeida-parabeniza-os-professores/">Severiano de Almeida parabeniza  os professores</a></blockquote><iframe sandbox="allow-scripts" security="restricted" src="https://www.amau.com.br/site/severiano-de-almeida-parabeniza-os-professores/embed/#?secret=nkEtpUhnES" width="600" height="338" title="&#8220;Severiano de Almeida parabeniza  os professores&#8221; &#8212; AMAU - Associação de Municípios do Alto Uruguai" data-secret="nkEtpUhnES" frameborder="0" marginwidth="0" marginheight="0" scrolling="no" class="wp-embedded-content"></iframe><script>
/*! This file is auto-generated */
!function(d,l){"use strict";l.querySelector&&d.addEventListener&&"undefined"!=typeof URL&&(d.wp=d.wp||{},d.wp.receiveEmbedMessage||(d.wp.receiveEmbedMessage=function(e){var t=e.data;if((t||t.secret||t.message||t.value)&&!/[^a-zA-Z0-9]/.test(t.secret)){for(var s,r,n,a=l.querySelectorAll('iframe[data-secret="'+t.secret+'"]'),o=l.querySelectorAll('blockquote[data-secret="'+t.secret+'"]'),c=new RegExp("^https?:$","i"),i=0;i<o.length;i++)o[i].style.display="none";for(i=0;i<a.length;i++)s=a[i],e.source===s.contentWindow&&(s.removeAttribute("style"),"height"===t.message?(1e3<(r=parseInt(t.value,10))?r=1e3:~~r<200&&(r=200),s.height=r):"link"===t.message&&(r=new URL(s.getAttribute("src")),n=new URL(t.value),c.test(n.protocol))&&n.host===r.host&&l.activeElement===s&&(d.top.location.href=t.value))}},d.addEventListener("message",d.wp.receiveEmbedMessage,!1),l.addEventListener("DOMContentLoaded",function(){for(var e,t,s=l.querySelectorAll("iframe.wp-embedded-content"),r=0;r<s.length;r++)(t=(e=s[r]).getAttribute("data-secret"))||(t=Math.random().toString(36).substring(2,12),e.src+="#?secret="+t,e.setAttribute("data-secret",t)),e.contentWindow.postMessage({message:"ready",secret:t},"*")},!1)))}(window,document);
//# sourceURL=https://www.amau.com.br/site/wp-includes/js/wp-embed.min.js
</script>

15 DE OUTUBRO DIA DO PROFESSOR A Administração Municipal e a Secretaria de Educação parabenizam nesta data todos os professores que são inspiração, que apoiam seus alunos na busca do conhecimento e na interpretação do mundo que os cerca. Parabéns a todos os mestres que estendem sua mão iniciando o diálogo e encaminhando o aluno [&hellip;]
